{"id":58,"date":"2017-02-01T20:21:26","date_gmt":"2017-02-01T18:21:26","guid":{"rendered":"http:\/\/www.suffen.fi\/?page_id=58\/"},"modified":"2021-02-18T14:18:41","modified_gmt":"2021-02-18T12:18:41","slug":"hallitus","status":"publish","type":"page","link":"https:\/\/www.suffen.fi\/fi\/hallitus\/","title":{"rendered":"Hallitus"},"content":{"rendered":"<h2>SKR\u00c4BB\u00d6LE UF:N HALLITUS 2021<\/h2>\n<p>Puheenjohtaja: Staffan Store (050 5532 654)<\/p>\n<p>Varapuheenjohtaja: Lotta Liljestr\u00f6m<\/p>\n<p>Sihteeri: Pia Prost<\/p>\n<p>Rahastonhoitaja:\u00a0Mathias Lindstr\u00f6m<\/p>\n<h3>Hallituksen j\u00e4senet:<\/h3>\n<p>Camilla Reuter<\/p>\n<p>Catina Stelander<\/p>\n<p>Carina Wikstr\u00f6m<\/p>\n<p>Calle Wiklund<\/p>\n<p>Mathias Karlsson<\/p>\n<p>Ann-Katrin Laine<\/p>\n","protected":false},"excerpt":{"rendered":"<p>SKR\u00c4BB\u00d6LE UF:N HALLITUS 2021 Puheenjohtaja: Staffan Store (050 5532 654) Varapuheenjohtaja: Lotta Liljestr\u00f6m Sihteeri: Pia Prost Rahastonhoitaja:\u00a0Mathias Lindstr\u00f6m Hallituksen j\u00e4senet: Camilla Reuter Catina Stelander Carina Wikstr\u00f6m Calle Wiklund Mathias Karlsson Ann-Katrin Laine<\/p>\n","protected":false},"author":1,"featured_media":0,"parent":0,"menu_order":0,"comment_status":"closed","ping_status":"closed","template":"","meta":{"_genesis_hide_title":false,"_genesis_hide_breadcrumbs":false,"_genesis_hide_singular_image":false,"_genesis_hide_footer_widgets":false,"_genesis_custom_body_class":"","_genesis_custom_post_class":"","_genesis_layout":"","footnotes":""},"class_list":{"0":"post-58","1":"page","2":"type-page","3":"status-publish","5":"entry"},"yoast_head":"<!-- This site is optimized with the Yoast SEO plugin v27.5 - https:\/\/yoast.com\/product\/yoast-seo-wordpress\/ -->\n<title>Hallitus - Suffen<\/title>\n<meta name=\"robots\" content=\"index, follow, max-snippet:-1, max-image-preview:large, max-video-preview:-1\" \/>\n<link rel=\"canonical\" href=\"https:\/\/www.suffen.fi\/fi\/hallitus\/\" \/>\n<meta property=\"og:locale\" content=\"fi_FI\" \/>\n<meta property=\"og:type\" content=\"article\" \/>\n<meta property=\"og:title\" content=\"Hallitus - Suffen\" \/>\n<meta property=\"og:description\" content=\"SKR\u00c4BB\u00d6LE UF:N HALLITUS 2021 Puheenjohtaja: Staffan Store (050 5532 654) Varapuheenjohtaja: Lotta Liljestr\u00f6m Sihteeri: Pia Prost Rahastonhoitaja:\u00a0Mathias Lindstr\u00f6m Hallituksen j\u00e4senet: Camilla Reuter Catina Stelander Carina Wikstr\u00f6m Calle Wiklund Mathias Karlsson Ann-Katrin Laine\" \/>\n<meta property=\"og:url\" content=\"https:\/\/www.suffen.fi\/fi\/hallitus\/\" \/>\n<meta property=\"og:site_name\" content=\"Suffen\" \/>\n<meta property=\"article:modified_time\" content=\"2021-02-18T12:18:41+00:00\" \/>\n<meta name=\"twitter:card\" content=\"summary_large_image\" \/>\n<meta name=\"twitter:label1\" content=\"Arvioitu lukuaika\" \/>\n\t<meta name=\"twitter:data1\" content=\"1 minute\" \/>\n<script type=\"application\/ld+json\" class=\"yoast-schema-graph\">{\"@context\":\"https:\\\/\\\/schema.org\",\"@graph\":[{\"@type\":\"WebPage\",\"@id\":\"https:\\\/\\\/www.suffen.fi\\\/fi\\\/hallitus\\\/\",\"url\":\"https:\\\/\\\/www.suffen.fi\\\/fi\\\/hallitus\\\/\",\"name\":\"Hallitus - Suffen\",\"isPartOf\":{\"@id\":\"https:\\\/\\\/www.suffen.fi\\\/fi\\\/#website\"},\"datePublished\":\"2017-02-01T18:21:26+00:00\",\"dateModified\":\"2021-02-18T12:18:41+00:00\",\"breadcrumb\":{\"@id\":\"https:\\\/\\\/www.suffen.fi\\\/fi\\\/hallitus\\\/#breadcrumb\"},\"inLanguage\":\"fi\",\"potentialAction\":[{\"@type\":\"ReadAction\",\"target\":[\"https:\\\/\\\/www.suffen.fi\\\/fi\\\/hallitus\\\/\"]}]},{\"@type\":\"BreadcrumbList\",\"@id\":\"https:\\\/\\\/www.suffen.fi\\\/fi\\\/hallitus\\\/#breadcrumb\",\"itemListElement\":[{\"@type\":\"ListItem\",\"position\":1,\"name\":\"Hem\",\"item\":\"https:\\\/\\\/www.suffen.fi\\\/fi\\\/\"},{\"@type\":\"ListItem\",\"position\":2,\"name\":\"Hallitus\"}]},{\"@type\":\"WebSite\",\"@id\":\"https:\\\/\\\/www.suffen.fi\\\/fi\\\/#website\",\"url\":\"https:\\\/\\\/www.suffen.fi\\\/fi\\\/\",\"name\":\"Suffen\",\"description\":\"Skr&auml;bb&ouml;le Ungdomsf&ouml;rening rf\",\"potentialAction\":[{\"@type\":\"SearchAction\",\"target\":{\"@type\":\"EntryPoint\",\"urlTemplate\":\"https:\\\/\\\/www.suffen.fi\\\/fi\\\/?s={search_term_string}\"},\"query-input\":{\"@type\":\"PropertyValueSpecification\",\"valueRequired\":true,\"valueName\":\"search_term_string\"}}],\"inLanguage\":\"fi\"}]}<\/script>\n<!-- \/ Yoast SEO plugin. -->","yoast_head_json":{"title":"Hallitus - Suffen","robots":{"index":"index","follow":"follow","max-snippet":"max-snippet:-1","max-image-preview":"max-image-preview:large","max-video-preview":"max-video-preview:-1"},"canonical":"https:\/\/www.suffen.fi\/fi\/hallitus\/","og_locale":"fi_FI","og_type":"article","og_title":"Hallitus - Suffen","og_description":"SKR\u00c4BB\u00d6LE UF:N HALLITUS 2021 Puheenjohtaja: Staffan Store (050 5532 654) Varapuheenjohtaja: Lotta Liljestr\u00f6m Sihteeri: Pia Prost Rahastonhoitaja:\u00a0Mathias Lindstr\u00f6m Hallituksen j\u00e4senet: Camilla Reuter Catina Stelander Carina Wikstr\u00f6m Calle Wiklund Mathias Karlsson Ann-Katrin Laine","og_url":"https:\/\/www.suffen.fi\/fi\/hallitus\/","og_site_name":"Suffen","article_modified_time":"2021-02-18T12:18:41+00:00","twitter_card":"summary_large_image","twitter_misc":{"Arvioitu lukuaika":"1 minute"},"schema":{"@context":"https:\/\/schema.org","@graph":[{"@type":"WebPage","@id":"https:\/\/www.suffen.fi\/fi\/hallitus\/","url":"https:\/\/www.suffen.fi\/fi\/hallitus\/","name":"Hallitus - Suffen","isPartOf":{"@id":"https:\/\/www.suffen.fi\/fi\/#website"},"datePublished":"2017-02-01T18:21:26+00:00","dateModified":"2021-02-18T12:18:41+00:00","breadcrumb":{"@id":"https:\/\/www.suffen.fi\/fi\/hallitus\/#breadcrumb"},"inLanguage":"fi","potentialAction":[{"@type":"ReadAction","target":["https:\/\/www.suffen.fi\/fi\/hallitus\/"]}]},{"@type":"BreadcrumbList","@id":"https:\/\/www.suffen.fi\/fi\/hallitus\/#breadcrumb","itemListElement":[{"@type":"ListItem","position":1,"name":"Hem","item":"https:\/\/www.suffen.fi\/fi\/"},{"@type":"ListItem","position":2,"name":"Hallitus"}]},{"@type":"WebSite","@id":"https:\/\/www.suffen.fi\/fi\/#website","url":"https:\/\/www.suffen.fi\/fi\/","name":"Suffen","description":"Skr&auml;bb&ouml;le Ungdomsf&ouml;rening rf","potentialAction":[{"@type":"SearchAction","target":{"@type":"EntryPoint","urlTemplate":"https:\/\/www.suffen.fi\/fi\/?s={search_term_string}"},"query-input":{"@type":"PropertyValueSpecification","valueRequired":true,"valueName":"search_term_string"}}],"inLanguage":"fi"}]}},"_links":{"self":[{"href":"https:\/\/www.suffen.fi\/fi\/wp-json\/wp\/v2\/pages\/58","targetHints":{"allow":["GET"]}}],"collection":[{"href":"https:\/\/www.suffen.fi\/fi\/wp-json\/wp\/v2\/pages"}],"about":[{"href":"https:\/\/www.suffen.fi\/fi\/wp-json\/wp\/v2\/types\/page"}],"author":[{"embeddable":true,"href":"https:\/\/www.suffen.fi\/fi\/wp-json\/wp\/v2\/users\/1"}],"replies":[{"embeddable":true,"href":"https:\/\/www.suffen.fi\/fi\/wp-json\/wp\/v2\/comments?post=58"}],"version-history":[{"count":3,"href":"https:\/\/www.suffen.fi\/fi\/wp-json\/wp\/v2\/pages\/58\/revisions"}],"predecessor-version":[{"id":386,"href":"https:\/\/www.suffen.fi\/fi\/wp-json\/wp\/v2\/pages\/58\/revisions\/386"}],"wp:attachment":[{"href":"https:\/\/www.suffen.fi\/fi\/wp-json\/wp\/v2\/media?parent=58"}],"curies":[{"name":"wp","href":"https:\/\/api.w.org\/{rel}","templated":true}]}}

<h2>SKRÄBBÖLE UF:N HALLITUS 2021</h2>
<p>Puheenjohtaja: Staffan Store (050 5532 654)</p>
<p>Varapuheenjohtaja: Lotta Liljeström</p>
<p>Sihteeri: Pia Prost</p>
<p>Rahastonhoitaja: Mathias Lindström</p>
<h3>Hallituksen jäsenet:</h3>
<p>Camilla Reuter</p>
<p>Catina Stelander</p>
<p>Carina Wikström</p>
<p>Calle Wiklund</p>
<p>Mathias Karlsson</p>
<p>Ann-Katrin Laine</p>

<p>SKRÄBBÖLE UF:N HALLITUS 2021 Puheenjohtaja: Staffan Store (050 5532 654) Varapuheenjohtaja: Lotta Liljeström Sihteeri: Pia Prost Rahastonhoitaja: Mathias Lindström Hallituksen jäsenet: Camilla Reuter Catina Stelander Carina Wikström Calle Wiklund Mathias Karlsson Ann-Katrin Laine</p>

<!-- This site is optimized with the Yoast SEO plugin v27.5 - https://yoast.com/product/yoast-seo-wordpress/ -->
<title>Hallitus - Suffen</title>
<meta name="robots" content="index, follow, max-snippet:-1, max-image-preview:large, max-video-preview:-1" />
<link rel="canonical" href="https://www.suffen.fi/fi/hallitus/" />
<meta property="og:locale" content="fi_FI" />
<meta property="og:type" content="article" />
<meta property="og:title" content="Hallitus - Suffen" />
<meta property="og:description" content="SKRÄBBÖLE UF:N HALLITUS 2021 Puheenjohtaja: Staffan Store (050 5532 654) Varapuheenjohtaja: Lotta Liljeström Sihteeri: Pia Prost Rahastonhoitaja: Mathias Lindström Hallituksen jäsenet: Camilla Reuter Catina Stelander Carina Wikström Calle Wiklund Mathias Karlsson Ann-Katrin Laine" />
<meta property="og:url" content="https://www.suffen.fi/fi/hallitus/" />
<meta property="og:site_name" content="Suffen" />
<meta property="article:modified_time" content="2021-02-18T12:18:41+00:00" />
<meta name="twitter:card" content="summary_large_image" />
<meta name="twitter:label1" content="Arvioitu lukuaika" />
	<meta name="twitter:data1" content="1 minute" />
<script type="application/ld+json" class="yoast-schema-graph">{"@context":"https:\/\/schema.org","@graph":[{"@type":"WebPage","@id":"https:\/\/www.suffen.fi\/fi\/hallitus\/","url":"https:\/\/www.suffen.fi\/fi\/hallitus\/","name":"Hallitus - Suffen","isPartOf":{"@id":"https:\/\/www.suffen.fi\/fi\/#website"},"datePublished":"2017-02-01T18:21:26+00:00","dateModified":"2021-02-18T12:18:41+00:00","breadcrumb":{"@id":"https:\/\/www.suffen.fi\/fi\/hallitus\/#breadcrumb"},"inLanguage":"fi","potentialAction":[{"@type":"ReadAction","target":["https:\/\/www.suffen.fi\/fi\/hallitus\/"]}]},{"@type":"BreadcrumbList","@id":"https:\/\/www.suffen.fi\/fi\/hallitus\/#breadcrumb","itemListElement":[{"@type":"ListItem","position":1,"name":"Hem","item":"https:\/\/www.suffen.fi\/fi\/"},{"@type":"ListItem","position":2,"name":"Hallitus"}]},{"@type":"WebSite","@id":"https:\/\/www.suffen.fi\/fi\/#website","url":"https:\/\/www.suffen.fi\/fi\/","name":"Suffen","description":"Skr&auml;bb&ouml;le Ungdomsf&ouml;rening rf","potentialAction":[{"@type":"SearchAction","target":{"@type":"EntryPoint","urlTemplate":"https:\/\/www.suffen.fi\/fi\/?s={search_term_string}"},"query-input":{"@type":"PropertyValueSpecification","valueRequired":true,"valueName":"search_term_string"}}],"inLanguage":"fi"}]}</script>
<!-- / Yoast SEO plugin. -->

SKRÄBBÖLE UF:N HALLITUS 2021 Puheenjohtaja: Staffan Store (050 5532 654) Varapuheenjohtaja: Lotta Liljeström Sihteeri: Pia Prost Rahastonhoitaja: Mathias Lindström Hallituksen jäsenet: Camilla Reuter Catina Stelander Carina Wikström Calle Wiklund Mathias Karlsson Ann-Katrin Laine
